(x) = -15 - x + 3 + 4 + 5. Let d be t(8). Let p(i) = -3*i - 3. List the prime factors of p(d).
2, 3, 5
Suppose -327 = 19*s - 20*s. What are the prime factors of s?
3, 109
Suppose 5*o - 505 = 475. What are the prime factors of o?
2, 7
Let u be 56/(-9) - (-4)/18. Let j(t) = -t**3 - 11*t**2 - 9*t + 7. Let q be j(-10). List the prime factors of (q/(-4))/(u/(-144)).
2, 3
Let i(o) = 306*o**2 + 17*o + 10. What are the prime factors of i(-3)?
2713
Suppose -19*s + 3*s + 2176 = 0. Suppose 3*i = 380 + s. List the prime factors of i.
2, 43
Let u be (-1)/(-3) - 98/6. Let m be 3/(-1 + (-19)/u). Let x = m + -11. List the prime factors of x.
5
Suppose -4*m - 2*k = 376, -3*k = -5*m + k - 483. Let t = -51 - m. List the prime factors of t.
2, 11
Let x(n) = -n**3 - 7*n**2 - 9*n - 15. Let b be (((-12)/(-8) - -2)*-2)/1. What are the prime factors of x(b)?
2, 3
Suppose 18 = 5*i + 73. Let s(r) = 10*r - 4. Let x be s(2). Let y = i + x. List the prime factors of y.
5
Suppose 0 = -5*u - 0*u - o + 26, 5*u - 3*o = 22. Let n(r) = -r**3 + 5*r**2 + 3*r**3 + 7*r - 7 - 3*r**3. List the prime factors of n(u).
2, 7
Suppose 0 = -2*m + c - 6*c + 2315, 0 = 5*m - 3*c - 5834. List the prime factors of m.
5, 233
Suppose -5*s - 1055 = 2*j - 4*j, -545 = -j - s. List the prime factors of j.
2, 3, 5
Let o(k) = 3*k**3 + 3 - k + 0 + 4 - 9. What are the prime factors of o(2)?
2, 5
Let u = 360 - 198. List the prime factors of u.
2, 3
Suppose -6 = 6*n - 36. Suppose -3*f + n*v + 270 = 0, 5*v - 180 = 3*f - 5*f. List the prime factors of f.
2, 3, 5
Let l = 0 + 4. Suppose 2*y - 72 = -l*f + 56, -4*y = f - 221. What are the prime factors of y?
2, 3
Let v be (12*(-12)/(-18))/((-4)/22). What are the prime factors of ((-2 - 1) + -1)*v?
2, 11
Let r be 10/4*12/(-15). Let x be (-8 - -1) + 0 + r. Let l = x + 20. What are the prime factors of l?
11
Let k = -28 + 30. Suppose 2*y + 5*v = 20, -17 = -5*y - k*v + 12. Suppose -y*w - w = -366. List the prime factors of w.
61
Suppose 0 = -f - 2*v + 510, -3*f + 1521 = -0*f + 3*v. Let p = f + -215. What are the prime factors of p?
17
Let j(z) be the third derivative of -z**5/60 + 11*z**4/12 - 23*z**3/6 + 9*z**2. What are the prime factors of j(16)?
73
What are the prime factors of (-26546)/(-30) + -1 - 102/(-765)?
2, 13, 17
Let p = -387 - -74. Let n = 523 + p. List the prime factors of n.
2, 3, 5, 7
Let n = -34 - -34. Suppose -3 = -3*m - 3*k, -2*k + 2 = m - n*m. List the prime factors of 0 - (-35 + (m - 1)).
2, 3
List the prime factors of 32*9 + (43 - 39).
2, 73
Suppose -2*h + 156 = -4*z + z, z + 248 = 3*h. Let g = 364 - h. What are the prime factors of g?
2, 5, 7
Suppose 5*r + 5 = 65. List the prime factors of 1986/15 + (r/20)/1.
7, 19
Let a(l) = l**3 - 6*l**2 - l + 4. Let z be a(6). List the prime factors of (-2 - -56)/(z + 3).
2, 3
Let u be (1 + 7)*-5 + -3 + 0. Let w = u + 48. What are the prime factors of w?
5
Suppose -100788 = -35*v + 43237. What are the prime factors of v?
5, 823
Let q = -15 + 13. Suppose -3*h + 40 = -3*v + 157, -v + 38 = -2*h. List the prime factors of -1 + v - 0/q.
3, 13
Suppose 4*z - 1032 = w, 3*z - 759 = -0*z - 3*w. What are the prime factors of z?
257
Suppose 0 = -3*x - h + 648, 3*x + 229 - 889 = 3*h. List the prime factors of x.
7, 31
Suppose -4*m + 8*m - 732 = 0. List the prime factors of m.
3, 61
Let d(j) = 0*j + 7*j - j - j - 3 + j**2. Let b be d(-6). Suppose -b*r - 5*h + 74 + 22 = 0, -3*h = -2*r + 64. List the prime factors of r.
2
Suppose 3*n - 10 = v + 2, 3*v - 29 = -4*n. Suppose b + 4*l - 83 = 0, -459 = -n*b - 0*l + 2*l. What are the prime factors of b?
7, 13
Let a be (78/(-4))/3*-2. Suppose -17*l + a*l + 236 = 0. What are the prime factors of l?
59
Let m = 10 + -10. Let r(u) = m*u + 12 - 3 - u**2 + 2*u**3 - 3*u**3 + u. What are the prime factors of r(0)?
3
Let g(t) = -101*t - 303. What are the prime factors of g(-9)?
2, 3, 101
Let m(a) = 21*a - 22. Let y be (-2 - -3)/((-5)/(-35)). List the prime factors of m(y).
5
Let c(o) = o**3 - 6*o**2 - 6*o - 12. Let k be c(6). Let n = k + 72. List the prime factors of n.
2, 3
Let q(o) = o. Let k be q(8). List the prime factors of (621/(-12))/((-3)/k).
2, 3, 23
Suppose -2*x = x + 33. Let m = x + 9. What are the prime factors of m*(-11 - -2 - -4)?
2, 5
Let w be (-8)/3*(-15)/(-2). Let m(y) = -y**3 - 19*y**2 + 8*y - 19. What are the prime factors of m(w)?
13, 17
Let n = 38 + -34. Suppose n*b - v - 232 = 3*v, 3*v + 54 = b. What are the prime factors of b?
2, 3, 5
Suppose 6*s = 47 - 137. Let h = 92 + s. List the prime factors of h.
7, 11
Suppose 0 = -34*r - 18759 + 101209. List the prime factors of r.
5, 97
Suppose 0 = -p + 7*p. What are the prime factors of 1/5 + p + 1104/5?
13, 17
Let y = -14 - -17. Suppose 0 = y*l + 3 + 6, 0 = 5*t - l - 33. Suppose 0 = 2*d + t - 14. What are the prime factors of d?
2
Suppose -3*v + 3*z = -12, 5*z + 0 = -2*v + 1. Suppose -v*j + 393 = -3*h, 3*j - 2*h - 385 = 3*h. List the prime factors of j.
3, 5
Let b be 4/9*-3*-21. Suppose f + 13 + 13 = 2*l, b = 4*l + 4*f. Suppose 5*z - l = -1. List the prime factors of z.
2
Suppose a = 237 + 299. What are the prime factors of a?
2, 67
Suppose 4*h + 2*c + 16 = -0*c, -3*c - 19 = 5*h. Let n(k) = -k**3 - 4*k**2 - 8*k - 19. What are the prime factors of n(h)?
2, 23
Let y(p) = -35*p + 2. Let d = -34 + 34. Suppose 4*w - 2 + 10 = d. List the prime factors of y(w).
2, 3
Let o = -5 - -6. Let x(a) = -a**2 + a. Let m be x(o). Suppose d = -4, -2*y = -m*y - d - 10. What are the prime factors of y?
3
Let t(b) = -8*b**3 - 2*b**2 + 3*b + 3. Suppose 4*n + 10 = -3*q, -2*n - 3 - 1 = q. Let u be t(q). Let v = -26 + u. What are the prime factors of v?
3
Suppose -d - 8 = -2*d. Suppose -5*f = -f - 3*b - 37, 0 = -f - 5*b - d. What are the prime factors of f?
7
Let a = 7408 - 5080. Suppose -3*g - a = -11*g. What are the prime factors of g?
3, 97
Suppose 3*v = 3*s + 1128, -558 = -3*v - 2*s + 580. List the prime factors of v.
2, 3, 7
Suppose -36*f + 70093 = -7*f. What are the prime factors of f?
2417
Suppose 5*z - 3801 = -u, -z + 11347 = 304*u - 301*u. List the prime factors of u.
19, 199
What are the prime factors of 7630/20*(-156)/(-21)?
2, 13, 109
Let j be -3 + 40/18 - 2/9. What are the prime factors of -1 + j + 9/(45/1390)?
2, 3, 23
What are the prime factors of (-2186)/(-3) - (-36)/(-54)?
2, 7, 13
Suppose -f - 2*g + 165 = 0, 3*g = -3*f + f + 333. Let t = f + -119. What are the prime factors of t?
2, 13
Suppose -12 = 20*l - 18*l. List the prime factors of ((-204)/(-36))/((-2)/l).
17
What are the prime factors of (-12)/(-78)*-1 + 7867/13?
5, 11
Suppose -4*v + 8*v = 36. Let s = v + -7. Suppose s*k = k + 6. What are the prime factors of k?
2, 3
Suppose 3*f - 2*f = 12. List the prime factors of (-13)/(((-2)/10)/(f/10)).
2, 3, 13
Suppose -2844 = 42*n - 48*n. List the prime factors of n.
2, 3, 79
Suppose -6*w - 128 = -3218. What are the prime factors of w?
5, 103
Suppose 0 = 9*d - 959 - 3730. What are the prime factors of d?
521
Let r(s) = s**2 + 12*s - 11. Let j be r(-13). Let g(x) = x**2 - x + 2. List the prime factors of g(j).
2
Let m = 64 + -5. Suppose -2*o = q + q - 56, 2*q = -o + m. Suppose 0 = 2*x - x + 5*n - q, -n + 11 = x. What are the prime factors of x?
2, 3
Let k = 1 + 7. Suppose -2*m + 7*y + k = 4*y, -4*y + 8 = 0. What are the prime factors of m?
7
Let w(y) = -3*y + 7 + 9*y - y + 7*y. Let a be w(6). Let f = 112 - a. What are the prime factors of f?
3, 11
Let l be (-3)/(-2 - (-20)/16). Suppose 5*k = 4*y - 332, 12 = -l*k - 4. Suppose -2*t = t - y. List the prime factors of t.
2, 13
Suppose -o - 676 = -5*d, -3*d - 2*o + 480 = 77. What are the prime factors of 10*(2 + d/10)?
5, 31
Let x = 543 - 551. Let u be 2 - (11*-1 + 2). Let b = x + u. List the prime factors of b.
3
Let u be 16 + 1*(2 - 0). What are the prime factors of u/(-24) + (-774)/(-8)?
2, 3
Let o = 32 - 30. Suppose o*p = 30 + 30. List the prime factors of p.
2, 3, 5
Let r = -2 - 3. Let t = r - 3. Let o(i) = -2*i + 3. What are the prime factors of o(t)?
19
Suppose 3*x - 2*x + 33 = 0. Let g = 15 - x. Let n = 105 - g. List the prime factors of n.
3, 19
Suppose -26*r + 29401 + 2423 = 0. What are the prime factors of r?
2, 3, 17
Let i(j) = -j**2 + 15*j + 1584. List the prime factors of i(0).
2, 3, 11
Let i = 1305 + -585. What are the prime factors of i?
2, 3, 5
Let j = 12 + 20. Suppose -